{"id":96,"date":"2022-02-06T19:44:27","date_gmt":"2022-02-06T19:44:27","guid":{"rendered":"http:\/\/www.rbfoto.cz\/?page_id=96"},"modified":"2022-02-13T13:32:33","modified_gmt":"2022-02-13T13:32:33","slug":"kontakt","status":"publish","type":"page","link":"https:\/\/www.rbfoto.cz\/index.php\/kontakt\/","title":{"rendered":"Kontakt"},"content":{"rendered":"\n<p class=\"has-text-align-center has-text-color has-extra-large-font-size\" style=\"color:#888888;text-transform:capitalize\">Renata Bal\u00e1zsov\u00e1<\/p>\n\n\n\n<p class=\"has-text-align-center\"><\/p>\n\n\n\n<p class=\"has-text-align-center\">+420 774 414 723<\/p>\n\n\n\n<p class=\"has-text-align-center\">info@rbfoto.cz<\/p>\n\n\n\n<p class=\"has-text-align-center\"> Plze\u0148 sever &#8211; V\u0161eruby u Plzn\u011b<\/p>\n\n\n\n<p>  <\/p>\n","protected":false},"excerpt":{"rendered":"<p>Renata Bal\u00e1zsov\u00e1 +420 774 414 723 info@rbfoto.cz Plze\u0148 sever &#8211; V\u0161eruby u Plzn\u011b<\/p>\n","protected":false},"author":1,"featured_media":0,"parent":0,"menu_order":0,"comment_status":"closed","ping_status":"closed","template":"","meta":{"footnotes":""},"_links":{"self":[{"href":"https:\/\/www.rbfoto.cz\/index.php\/wp-json\/wp\/v2\/pages\/96"}],"collection":[{"href":"https:\/\/www.rbfoto.cz\/index.php\/wp-json\/wp\/v2\/pages"}],"about":[{"href":"https:\/\/www.rbfoto.cz\/index.php\/wp-json\/wp\/v2\/types\/page"}],"author":[{"embeddable":true,"href":"https:\/\/www.rbfoto.cz\/index.php\/wp-json\/wp\/v2\/users\/1"}],"replies":[{"embeddable":true,"href":"https:\/\/www.rbfoto.cz\/index.php\/wp-json\/wp\/v2\/comments?post=96"}],"version-history":[{"count":16,"href":"https:\/\/www.rbfoto.cz\/index.php\/wp-json\/wp\/v2\/pages\/96\/revisions"}],"predecessor-version":[{"id":506,"href":"https:\/\/www.rbfoto.cz\/index.php\/wp-json\/wp\/v2\/pages\/96\/revisions\/506"}],"wp:attachment":[{"href":"https:\/\/www.rbfoto.cz\/index.php\/wp-json\/wp\/v2\/media?parent=96"}],"curies":[{"name":"wp","href":"https:\/\/api.w.org\/{rel}","templated":true}]}}